{"id":57,"date":"2026-04-22T23:54:31","date_gmt":"2026-04-22T23:54:31","guid":{"rendered":"https:\/\/antonianki.pl\/?page_id=57"},"modified":"2026-04-30T07:02:21","modified_gmt":"2026-04-30T07:02:21","slug":"duchowosc","status":"publish","type":"page","link":"https:\/\/antonianki.pl\/index.php\/duchowosc\/","title":{"rendered":"Duchowo\u015b\u0107"},"content":{"rendered":"<div class=\"\" style=\"\" >\n    \n    <section class=\"u-clearfix u-section-2\" id=\"block-4\">\n      <div class=\"u-clearfix u-sheet u-valign-middle-xl u-sheet-1\">\n        <div class=\"u-clearfix u-custom-html u-expanded-width u-custom-html-1\">\n          <marquee>\n            <p style=\"color: #808080; font-weight: bold; margin: 0; font-family: Arial, sans-serif;\"> Antonianki ul. Janosika 141&nbsp;92-108 \u0141\u00f3d\u017a antonianki@wp.pl&nbsp;+48 42 679 27 20 kom. 507 170 901 <\/p>\n          <\/marquee>\n        <\/div>\n      <\/div>\n    <\/section>\n    <section class=\"u-clearfix u-lightbox u-section-3\" id=\"block-2\">\n      <div class=\"u-clearfix u-sheet u-valign-middle-xs u-sheet-1\">\n        <div class=\"data-layout-selected u-clearfix u-expanded-width u-layout-wrap u-layout-wrap-1\">\n          <div class=\"u-gutter-0 u-layout\">\n            <div class=\"u-layout-col\">\n              <div class=\"u-size-60\">\n                <div class=\"u-layout-row\">\n                  <div class=\"u-size-60\">\n                    <div class=\"u-layout-col\">\n                      <div class=\"u-container-style u-layout-cell u-shape-rectangle u-size-60 u-layout-cell-1\">\n                        <div class=\"u-container-layout u-container-layout-1\">\n                          <div class=\"fr-view u-align-center u-clearfix u-rich-text u-text u-text-1\">\n                            <h2 style=\"text-align: center;\">Duchowo\u015b\u0107<\/h2>\n                            <p style=\"text-align: left;\"><span style=\"line-height: 2.0;\">\n                                <img decoding=\"async\" align=\"center\" style=\"width: 382px;\" class=\"fr-dii fr-fic fr-fil\" src=\"https:\/\/antonianki.pl\/wp-content\/uploads\/2026\/04\/duchowosc_sw.franciszek1.jpg\" width=\"336\"><\/span>\n                            <\/p>\n                            <p style=\"text-align: justify;\">&nbsp;Zgromadzenie nasze swoj\u0105 duchowo\u015b\u0107 kszta\u0142tuje w oparciu o Regu\u0142\u0119 i \u017cycie Braci i Si\u00f3str Trzeciego Zakonu Regularnego \u015bw. Franciszka z Asy\u017cu. Spos\u00f3b \u017cycia Braci i Si\u00f3str Trzeciego Zakonu Regularnego \u015bwi\u0119tego &nbsp;Franciszka jest nast\u0119puj\u0105cy: zachowywa\u0107 \u015bwi\u0119t\u0105 Ewangeli\u0119 Pana &nbsp; naszego Jezusa Chrystusa, \u017cyj\u0105c w pos\u0142usze\u0144stwie, w ub\u00f3stwie i w czysto\u015bci. Na\u015bladowcy Jezusa Chrystusa, za wzorem \u015bw. Franciszka zobowi\u0105zani s\u0105 czyni\u0107 wi\u0119cej i dokonywa\u0107 wi\u0119kszych rzeczy, zachowuj\u0105c przykazania i rady Pana naszego Jezusa Chrystusa; powinni te\u017c wyrzeka\u0107 si\u0119 samych siebie, jak to ka\u017cdy obieca\u0142 Bogu.<\/p>\n                            <p style=\"text-align: justify;\">\n                              <a href=\"http:\/\/www.antonianki.pl\/wgrane-pliki\/duchowosc_sw.franciszek1.jpg?bg_box\"><\/a>\n                            <\/p>\n                            <p style=\"text-align: justify;\">Bracia i Siostry tego Zakonu, razem ze wszystkimi, kt\u00f3rzy chc\u0105 s\u0142u\u017cy\u0107 Panu Bogu w \u015bwi\u0119tym Ko\u015bciele katolickim i apostolskim, niech trwaj\u0105 w prawdziwej wierze i pokucie. To nawr\u00f3cenie ewangeliczne chc\u0105 prze\u017cywa\u0107 w duchu modlitwy, ub\u00f3stwa i pokory. Niech si\u0119 wstrzymuj\u0105 od wszelkiego z\u0142a i trwaj\u0105 do ko\u0144ca w dobru, gdy\u017c sam Syn Bo\u017cy nadejdzie w chwale i powie wszystkim, kt\u00f3rzy Go poznali i wielbili, i s\u0142u\u017cyli Mu w pokucie: P\u00f3jd\u017acie, b\u0142ogos\u0142awieni Ojca mego i we\u017acie w posiadanie Kr\u00f3lestwo przygotowane wam od za\u0142o\u017cenia \u015bwiata. &nbsp; &nbsp;Bracia i Siostry przyrzekaj\u0105 pos\u0142usze\u0144stwo i szacunek Papie\u017cowi i Ko\u015bcio\u0142owi Katolickiemu. W tym samym duchu niech b\u0119d\u0105 pos\u0142uszni tym, kt\u00f3rzy s\u0105 ustanowieni do pos\u0142ugi braterstwa. Gdziekolwiek s\u0105 i w jakimkolwiek miejscu si\u0119 znajduj\u0105 - kierowani duchem i troskliwo\u015bci\u0105 - winni spotyka\u0107 si\u0119 z sob\u0105 i darzy\u0107 wzajemnym szacunkiem. Niech popieraj\u0105 jedno\u015b\u0107 i wi\u0119\u017a ze wszystkimi cz\u0142onkami rodziny franciszka\u0144skiej.<\/p>\n                            <p style=\"text-align: justify;\">&nbsp; &nbsp; &nbsp; &nbsp;Jako Antonianki od Chrystusa Kr\u00f3la, wpatruj\u0105c si\u0119 w Tego, kt\u00f3ry nie przyszed\u0142, aby mu s\u0142u\u017cono, lecz aby s\u0142u\u017cy\u0107 (Mt 20, 28) pragniemy swoj\u0105 s\u0142u\u017cb\u0105 przyczynia\u0107 si\u0119 do wzrostu Jego Kr\u00f3lestwa; Kr\u00f3lestwa pokoju i mi\u0142o\u015bci, sprawiedliwo\u015bci i prawdy. Sam Chrystus - S\u0142uga Pa\u0144ski - objawia nam kr\u00f3lewsk\u0105 godno\u015b\u0107 s\u0142u\u017cenia, z kt\u00f3r\u0105 \u0142\u0105czy si\u0119 naj\u015bci\u015blej powo\u0142anie ka\u017cdego cz\u0142owieka. &nbsp; &nbsp; &nbsp; &nbsp;Maryja Niepokalanie Pocz\u0119ta doznaje od nas szczeg\u00f3lnej czci. Pragniemy na\u015bladowa\u0107 Jej fiat; od pokornej S\u0142u\u017cebnicy Pa\u0144skiej uczy\u0107 si\u0119 uwielbienia Boga za Jego wielkie dary i swym \u017cyciem pokazywa\u0107, \u017ce s\u0142u\u017cy\u0107 - znaczy kr\u00f3lowa\u0107. Jeste\u015bmy po\u015bwi\u0119cone uroczy\u015bcie Jej Sercu. Dla wyra\u017cenia naszego oddania Maryi, ka\u017cda z nas otrzymuje imi\u0119 Maria - jako cz\u0119\u015b\u0107 naszego zakonnego imienia. &nbsp; &nbsp; &nbsp; &nbsp; &nbsp;Realizuj\u0105c swoje powo\u0142anie w duchu \u015bw. Franciszka z Asy\u017cu - naszego Serafickiego Ojca, chcemy na\u015bladowa\u0107 Chrystusa ubogiego i pokornego, staraj\u0105c si\u0119 \u017cy\u0107 Ewangeli\u0105 w prostocie, rado\u015bci i pokoju. <\/p>\n                            <p>\n                              <a href=\"http:\/\/www.antonianki.pl\/wgrane-pliki\/duchowosc_sw.antoni.jpg?bg_box\"><\/a>\n                            <\/p>\n                          <\/div>\n                          <div class=\"fr-view u-align-center u-clearfix u-rich-text u-text u-text-2\">\n                            <h2 style=\"text-align: center;\"><span style=\"line-height: 2.0;\">\n                                <img decoding=\"async\" align=\"center\" style=\"width: 382px;\" class=\"fr-dii fr-fic fr-fir\" src=\"https:\/\/antonianki.pl\/wp-content\/uploads\/2026\/04\/duchowosc_sw.antoni.jpg\" width=\"332\"><\/span>\n                            <\/h2>\n                            <p style=\"text-align: justify;\">\u015aw. Antoni jest patronem Zgromadzenia, szczeg\u00f3lnie czczonym przez naszego Za\u0142o\u017cyciela. Uczy on nas umi\u0142owania Pisma \u015awi\u0119tego oraz wierno\u015bci idea\u0142om franciszka\u0144skim. Wskazuje jak z rado\u015bci\u0105 odpowiada\u0107 na Bo\u017ce plany, po\u015bwi\u0119caj\u0105c im si\u0119 ca\u0142kowicie i wielkodusznie. &nbsp; &nbsp; &nbsp; &nbsp; God\u0142o nasze przedstawia \u015bw. Antoniego z Dzieci\u0105tkiem Jezus i lili\u0105. \u015awi\u0119ty w prawej d\u0142oni trzyma chleb, a lew\u0105 podtrzymuje Dzieci\u0105tko siedz\u0105ce na Ksi\u0119dze. Blisko\u015b\u0107 Dzieci\u0105tka przy sercu \u015bwi\u0119tego wyra\u017ca mi\u0142o\u015b\u0107 i po\u015bwi\u0119cenie si\u0119 si\u00f3str Chrystusowi - Kr\u00f3lowi ludzkich serc. Ma r\u00f3wnie\u017c pom\u00f3c dostrzec Bo\u017ce \u017cycie w ka\u017cdym istnieniu ludzkim. Chleb jest symbolem \u017cycia - daru Bo\u017cego, kt\u00f3ry pragniemy zachowa\u0107 poprzez realizowanie dzie\u0142a troski o nie narodzonych. Tak przedstawione god\u0142o ma przypomina\u0107, \u017ce \u015bw. Antoni jest tak\u017ce patronem matek oczekuj\u0105cych dziecka. &nbsp; &nbsp; &nbsp; &nbsp; &nbsp; Wzorem \u015bw. Franciszka i b\u0142. O. Anastazego Pankiewicza przyjmujemy spotkanych ludzi jako siostry i braci - dzieci jednego Boga - Ojca. &nbsp; &nbsp;Czcimy \u015bw. El\u017cbiet\u0119 z Turyngii jako patronk\u0119 III Zakonu Franciszka\u0144skiego i \u015bw. J\u00f3zefa jako naszego opiekuna, modl\u0105c si\u0119 do Niego w naszych potrzebach duchowych i materialnych. &nbsp; &nbsp;Wtorek, dzie\u0144 po\u015bwi\u0119cony \u015bw. Antoniemu z Padwy jest u nas dniem szczeg\u00f3lnej modlitwy za \u017cycie. Uroczy\u015bcie r\u00f3wnie\u017c obchodzimy Dzie\u0144 \u015awi\u0119to\u015bci \u017bycia - Uroczysto\u015b\u0107 Zwiastowania Naj\u015bwi\u0119tszej Maryi Panny 25 marca. <\/p>\n                          <\/div>\n                        <\/div>\n                      <\/div>\n                    <\/div>\n                  <\/div>\n                <\/div>\n              <\/div>\n            <\/div>\n          <\/div>\n        <\/div>\n      <\/div>\n    <\/section>\n    \n    \n    \n  \n<\/div>","protected":false},"excerpt":{"rendered":"<p>Antonianki ul. Janosika 141&nbsp;92-108 \u0141\u00f3d\u017a antonianki@wp.pl&nbsp;+48 42 679 27 20 kom. 507 170 901 Duchowo\u015b\u0107 &nbsp;Zgromadzenie nasze swoj\u0105 duchowo\u015b\u0107 kszta\u0142tuje w oparciu o Regu\u0142\u0119 i \u017cycie Braci i Si\u00f3str Trzeciego Zakonu Regularnego \u015bw. Franciszka z Asy\u017cu. Spos\u00f3b \u017cycia Braci i Si\u00f3str Trzeciego Zakonu Regularnego \u015bwi\u0119tego &nbsp;Franciszka jest nast\u0119puj\u0105cy: zachowywa\u0107 \u015bwi\u0119t\u0105 Ewangeli\u0119 Pana &nbsp; naszego Jezusa [&hellip;]<\/p>\n","protected":false},"author":1,"featured_media":0,"parent":0,"menu_order":0,"comment_status":"closed","ping_status":"closed","template":"","meta":{"_uag_custom_page_level_css":"","footnotes":""},"class_list":["post-57","page","type-page","status-publish","hentry"],"aioseo_notices":[],"uagb_featured_image_src":{"full":false,"thumbnail":false,"medium":false,"medium_large":false,"large":false,"1536x1536":false,"2048x2048":false},"uagb_author_info":{"display_name":"admin","author_link":"https:\/\/antonianki.pl\/index.php\/author\/admin\/"},"uagb_comment_info":0,"uagb_excerpt":"Antonianki ul. Janosika 141&nbsp;92-108 \u0141\u00f3d\u017a antonianki@wp.pl&nbsp;+48 42 679 27 20 kom. 507 170 901 Duchowo\u015b\u0107 &nbsp;Zgromadzenie nasze swoj\u0105 duchowo\u015b\u0107 kszta\u0142tuje w oparciu o Regu\u0142\u0119 i \u017cycie Braci i Si\u00f3str Trzeciego Zakonu Regularnego \u015bw. Franciszka z Asy\u017cu. Spos\u00f3b \u017cycia Braci i Si\u00f3str Trzeciego Zakonu Regularnego \u015bwi\u0119tego &nbsp;Franciszka jest nast\u0119puj\u0105cy: zachowywa\u0107 \u015bwi\u0119t\u0105 Ewangeli\u0119 Pana &nbsp; naszego Jezusa&hellip;","_links":{"self":[{"href":"https:\/\/antonianki.pl\/index.php\/wp-json\/wp\/v2\/pages\/57","targetHints":{"allow":["GET"]}}],"collection":[{"href":"https:\/\/antonianki.pl\/index.php\/wp-json\/wp\/v2\/pages"}],"about":[{"href":"https:\/\/antonianki.pl\/index.php\/wp-json\/wp\/v2\/types\/page"}],"author":[{"embeddable":true,"href":"https:\/\/antonianki.pl\/index.php\/wp-json\/wp\/v2\/users\/1"}],"replies":[{"embeddable":true,"href":"https:\/\/antonianki.pl\/index.php\/wp-json\/wp\/v2\/comments?post=57"}],"version-history":[{"count":13,"href":"https:\/\/antonianki.pl\/index.php\/wp-json\/wp\/v2\/pages\/57\/revisions"}],"predecessor-version":[{"id":385,"href":"https:\/\/antonianki.pl\/index.php\/wp-json\/wp\/v2\/pages\/57\/revisions\/385"}],"wp:attachment":[{"href":"https:\/\/antonianki.pl\/index.php\/wp-json\/wp\/v2\/media?parent=57"}],"curies":[{"name":"wp","href":"https:\/\/api.w.org\/{rel}","templated":true}]}}

Duchowość

<div class="" style="" >
    
    <section class="u-clearfix u-section-2" id="block-4">
      <div class="u-clearfix u-sheet u-valign-middle-xl u-sheet-1">
        <div class="u-clearfix u-custom-html u-expanded-width u-custom-html-1">
          <marquee>
            <p style="color: #808080; font-weight: bold; margin: 0; font-family: Arial, sans-serif;"> Antonianki ul. Janosika 141&nbsp;92-108 Łódź antonianki@wp.pl&nbsp;+48 42 679 27 20 kom. 507 170 901 </p>
          </marquee>
        </div>
      </div>
    </section>
    <section class="u-clearfix u-lightbox u-section-3" id="block-2">
      <div class="u-clearfix u-sheet u-valign-middle-xs u-sheet-1">
        <div class="data-layout-selected u-clearfix u-expanded-width u-layout-wrap u-layout-wrap-1">
          <div class="u-gutter-0 u-layout">
            <div class="u-layout-col">
              <div class="u-size-60">
                <div class="u-layout-row">
                  <div class="u-size-60">
                    <div class="u-layout-col">
                      <div class="u-container-style u-layout-cell u-shape-rectangle u-size-60 u-layout-cell-1">
                        <div class="u-container-layout u-container-layout-1">
                          <div class="fr-view u-align-center u-clearfix u-rich-text u-text u-text-1">
                            <h2 style="text-align: center;">Duchowość</h2>
                            <p style="text-align: left;"><span style="line-height: 2.0;">
                                <img decoding="async" align="center" style="width: 382px;" class="fr-dii fr-fic fr-fil" src="https://antonianki.pl/wp-content/uploads/2026/04/duchowosc_sw.franciszek1.jpg" width="336"></span>
                            </p>
                            <p style="text-align: justify;">&nbsp;Zgromadzenie nasze swoją duchowość kształtuje w oparciu o Regułę i życie Braci i Sióstr Trzeciego Zakonu Regularnego św. Franciszka z Asyżu. Sposób życia Braci i Sióstr Trzeciego Zakonu Regularnego świętego &nbsp;Franciszka jest następujący: zachowywać świętą Ewangelię Pana &nbsp; naszego Jezusa Chrystusa, żyjąc w posłuszeństwie, w ubóstwie i w czystości. Naśladowcy Jezusa Chrystusa, za wzorem św. Franciszka zobowiązani są czynić więcej i dokonywać większych rzeczy, zachowując przykazania i rady Pana naszego Jezusa Chrystusa; powinni też wyrzekać się samych siebie, jak to każdy obiecał Bogu.</p>
                            <p style="text-align: justify;">
                              <a href="http://www.antonianki.pl/wgrane-pliki/duchowosc_sw.franciszek1.jpg?bg_box"></a>
                            </p>
                            <p style="text-align: justify;">Bracia i Siostry tego Zakonu, razem ze wszystkimi, którzy chcą służyć Panu Bogu w świętym Kościele katolickim i apostolskim, niech trwają w prawdziwej wierze i pokucie. To nawrócenie ewangeliczne chcą przeżywać w duchu modlitwy, ubóstwa i pokory. Niech się wstrzymują od wszelkiego zła i trwają do końca w dobru, gdyż sam Syn Boży nadejdzie w chwale i powie wszystkim, którzy Go poznali i wielbili, i służyli Mu w pokucie: Pójdźcie, błogosławieni Ojca mego i weźcie w posiadanie Królestwo przygotowane wam od założenia świata. &nbsp; &nbsp;Bracia i Siostry przyrzekają posłuszeństwo i szacunek Papieżowi i Kościołowi Katolickiemu. W tym samym duchu niech będą posłuszni tym, którzy są ustanowieni do posługi braterstwa. Gdziekolwiek są i w jakimkolwiek miejscu się znajdują - kierowani duchem i troskliwością - winni spotykać się z sobą i darzyć wzajemnym szacunkiem. Niech popierają jedność i więź ze wszystkimi członkami rodziny franciszkańskiej.</p>
                            <p style="text-align: justify;">&nbsp; &nbsp; &nbsp; &nbsp;Jako Antonianki od Chrystusa Króla, wpatrując się w Tego, który nie przyszedł, aby mu służono, lecz aby służyć (Mt 20, 28) pragniemy swoją służbą przyczyniać się do wzrostu Jego Królestwa; Królestwa pokoju i miłości, sprawiedliwości i prawdy. Sam Chrystus - Sługa Pański - objawia nam królewską godność służenia, z którą łączy się najściślej powołanie każdego człowieka. &nbsp; &nbsp; &nbsp; &nbsp;Maryja Niepokalanie Poczęta doznaje od nas szczególnej czci. Pragniemy naśladować Jej fiat; od pokornej Służebnicy Pańskiej uczyć się uwielbienia Boga za Jego wielkie dary i swym życiem pokazywać, że służyć - znaczy królować. Jesteśmy poświęcone uroczyście Jej Sercu. Dla wyrażenia naszego oddania Maryi, każda z nas otrzymuje imię Maria - jako część naszego zakonnego imienia. &nbsp; &nbsp; &nbsp; &nbsp; &nbsp;Realizując swoje powołanie w duchu św. Franciszka z Asyżu - naszego Serafickiego Ojca, chcemy naśladować Chrystusa ubogiego i pokornego, starając się żyć Ewangelią w prostocie, radości i pokoju. </p>
                            <p>
                              <a href="http://www.antonianki.pl/wgrane-pliki/duchowosc_sw.antoni.jpg?bg_box"></a>
                            </p>
                          </div>
                          <div class="fr-view u-align-center u-clearfix u-rich-text u-text u-text-2">
                            <h2 style="text-align: center;"><span style="line-height: 2.0;">
                                <img decoding="async" align="center" style="width: 382px;" class="fr-dii fr-fic fr-fir" src="https://antonianki.pl/wp-content/uploads/2026/04/duchowosc_sw.antoni.jpg" width="332"></span>
                            </h2>
                            <p style="text-align: justify;">Św. Antoni jest patronem Zgromadzenia, szczególnie czczonym przez naszego Założyciela. Uczy on nas umiłowania Pisma Świętego oraz wierności ideałom franciszkańskim. Wskazuje jak z radością odpowiadać na Boże plany, poświęcając im się całkowicie i wielkodusznie. &nbsp; &nbsp; &nbsp; &nbsp; Godło nasze przedstawia św. Antoniego z Dzieciątkiem Jezus i lilią. Święty w prawej dłoni trzyma chleb, a lewą podtrzymuje Dzieciątko siedzące na Księdze. Bliskość Dzieciątka przy sercu świętego wyraża miłość i poświęcenie się sióstr Chrystusowi - Królowi ludzkich serc. Ma również pomóc dostrzec Boże życie w każdym istnieniu ludzkim. Chleb jest symbolem życia - daru Bożego, który pragniemy zachować poprzez realizowanie dzieła troski o nie narodzonych. Tak przedstawione godło ma przypominać, że św. Antoni jest także patronem matek oczekujących dziecka. &nbsp; &nbsp; &nbsp; &nbsp; &nbsp; Wzorem św. Franciszka i bł. O. Anastazego Pankiewicza przyjmujemy spotkanych ludzi jako siostry i braci - dzieci jednego Boga - Ojca. &nbsp; &nbsp;Czcimy św. Elżbietę z Turyngii jako patronkę III Zakonu Franciszkańskiego i św. Józefa jako naszego opiekuna, modląc się do Niego w naszych potrzebach duchowych i materialnych. &nbsp; &nbsp;Wtorek, dzień poświęcony św. Antoniemu z Padwy jest u nas dniem szczególnej modlitwy za życie. Uroczyście również obchodzimy Dzień Świętości Życia - Uroczystość Zwiastowania Najświętszej Maryi Panny 25 marca. </p>
                          </div>
                        </div>
                      </div>
                    </div>
                  </div>
                </div>
              </div>
            </div>
          </div>
        </div>
      </div>
    </section>
    
    
    
  
</div>

<p>Antonianki ul. Janosika 141&nbsp;92-108 Łódź antonianki@wp.pl&nbsp;+48 42 679 27 20 kom. 507 170 901 Duchowość &nbsp;Zgromadzenie nasze swoją duchowość kształtuje w oparciu o Regułę i życie Braci i Sióstr Trzeciego Zakonu Regularnego św. Franciszka z Asyżu. Sposób życia Braci i Sióstr Trzeciego Zakonu Regularnego świętego &nbsp;Franciszka jest następujący: zachowywać świętą Ewangelię Pana &nbsp; naszego Jezusa [&hellip;]</p>

Antonianki ul. Janosika 141&nbsp;92-108 Łódź antonianki@wp.pl&nbsp;+48 42 679 27 20 kom. 507 170 901 Duchowość &nbsp;Zgromadzenie nasze swoją duchowość kształtuje w oparciu o Regułę i życie Braci i Sióstr Trzeciego Zakonu Regularnego św. Franciszka z Asyżu. Sposób życia Braci i Sióstr Trzeciego Zakonu Regularnego świętego &nbsp;Franciszka jest następujący: zachowywać świętą Ewangelię Pana &nbsp; naszego Jezusa&hellip;
